ose 5*z = 0, 4*f - 3*z = 111 + 29. Suppose 0 = 2*b - 3*r - f, -2*b + r + 29 = 4*r. Let u = -9 + b. What are the prime factors of u?
7
Let m(u) = u**3 - 9*u**2 + u + 7. List the prime factors of m(9).
2
Let h(c) = -15*c**2 + c. Let g(u) = -29*u**2 + 2*u. Let o(v) = 3*g(v) - 7*h(v). Let s(n) = n + 3. Let k be s(-2). What are the prime factors of o(k)?
17
Let k(c) = 3 + 0 + 5*c**2 + 3*c**3 - 2*c**3 - 4*c. Let b be k(-6). Let r = b + 20. List the prime factors of r.
11
Suppose 33 = t + 4*y, 3*y - 2*y + 53 = t. What are the prime factors of t?
7
Suppose 0 = -5*w + 245 + 455. List the prime factors of w.
2, 5, 7
Suppose 0 = 71*i - 75*i + 1284. What are the prime factors of i?
3, 107
Let c(o) = o**3 - 10*o**2 + 9*o + 9. List the prime factors of c(9).
3
Let s(g) = 2*g**2 + 7*g + 3. Let c be s(-6). Let l = -20 + c. What are the prime factors of l?
13
Let m be -2 + -1 - (-8 - -6). What are the prime factors of (-303)/(-15) - m/(-5)?
2, 5
Let k(m) = -m**3 + m**2 + m. Let l be k(0). Suppose p = -l*p + 17. Let w = p + -3. What are the prime factors of w?
2, 7
List the prime factors of (-44)/330 - (-422)/15.
2, 7
Let y(c) = 78*c**3 - c + 1. What are the prime factors of y(1)?
2, 3, 13
Suppose 36 = 4*u - 288. Suppose 5*c = -3*b + u, 0*b + 2*c + 16 = b. List the prime factors of b.
2, 11
Let s = -15 + 19. What are the prime factors of s?
2
Let w = 26 - 15. Let v = w - 2. What are the prime factors of 21/(-2)*(-6)/v?
7
Suppose 0 + 6 = 2*j. What are the prime factors of j?
3
Suppose r + h + 1 - 5 = 0, r - 5 = -2*h. List the prime factors of r.
3
Let p be (-3 - -2)/((-2)/14). Let k(i) = -i**3 + 6*i**2 + 8*i + 2. What are the prime factors of k(p)?
3
Let w(t) = -2*t**2 - 62*t - 29. What are the prime factors of w(-23)?
3, 113
Let p = -32 + 67. List the prime factors of p.
5, 7
What are the prime factors of 254*(3 + 25/(-10))?
127
Suppose 0 = -0*z - z + 9. What are the prime factors of z?
3
Let z be 0*(-2)/4 + 19. Suppose 0 = -5*t - 2*w + z, -7 - 6 = -t - 5*w. List the prime factors of (-2)/t*9/(-3).
2
Let b(u) = 37*u**3 - 2*u**2 + 1. List the prime factors of b(1).
2, 3
Suppose -2 = -o - 0*o. Suppose -101 = -q - 4*q + 4*g, o*q - 46 = -4*g. Let p = q + -9. What are the prime factors of p?
2, 3
Let q(c) = -2*c**3 - 4*c**2 - 4*c - 3. Let t be q(-3). Let x = 4 + t. List the prime factors of x.
31
Let q = -3 + 3. Suppose q = v + v. What are the prime factors of -2 + v - (-3 + -3)?
2
Let m(v) = v**3 + 8*v**2 - v - 4. Let p be m(-8). Suppose 104 = p*u - 2*u. List the prime factors of u.
2, 13
Let b(s) = s**2 - 2*s + 1. Let r = -6 + 11. List the prime factors of b(r).
2
Suppose -2*v + 88 - 30 = 0. List the prime factors of v.
29
Suppose -2*r - 2*r + 268 = 0. Suppose k = 3*o + 36 + 21, 5*o = k - r. What are the prime factors of k?
2, 3, 7
Suppose 4*d + 11 = -3*y, -5*y + 2*d - 1 + 0 = 0. Let i = 0 + y. Let q = 11 + i. List the prime factors of q.
2, 5
Suppose 3*c + 3*c = 60. List the prime factors of c.
2, 5
Suppose 0 = -11*f + 5*f + 492. List the prime factors of f.
2, 41
Suppose -14 = 5*x - 2*x + 4*a, -4*x - 2 = 2*a. List the prime factors of ((-68)/8)/((-1)/x).
17
Let g be ((-36)/(-6))/(6/(-8)). Let x = g - 3. Let z(f) = -f**2 - 12*f + 1. What are the prime factors of z(x)?
2, 3
Let r(i) = i**2 + 4*i + 7. Let f be r(7). Suppose -2*o - 5*g + f = -0*g, -2*o = -3*g - 68. What are the prime factors of o?
37
Suppose 3*o - 42 = -b, 2*o = b + b - 52. List the prime factors of b.
2, 3, 5
Let y be -3*4/18*3. Let a = 8 - 13. What are the prime factors of (9/(-3) - y)*a?
5
Let q(k) = 8*k + 49. What are the prime factors of q(6)?
97
Let q(z) = z**2 - z - 1. Let o be (-5)/(-2) - (-5)/(-10). Let j be q(o). Suppose j = 4*n - 7. What are the prime factors of n?
2
Let h(m) = -4*m**3 - 3*m**2 + 5*m + 4. List the prime factors of h(-3).
2, 5, 7
Let k = 75 - 43. What are the prime factors of k?
2
Suppose -10 - 14 = -4*j. Let m = 4 + j. What are the prime factors of m?
2, 5
Suppose -6*z - 319 = -1261. What are the prime factors of z?
157
Suppose 41*j - 44*j + 951 = 0. What are the prime factors of j?
317
Let u be (3/2)/(5/(-10)). Let y(s) = -10*s. What are the prime factors of y(u)?
2, 3, 5
Let y(a) = -a**3 - 4*a**2 - a - 4. Let i be y(-4). Suppose 2*v = -3*o + 29, 6*v = -3*o + v + 23. Suppose i = -4*p + o + 9. What are the prime factors of p?
5
Let c(r) = -r**3 - 17*r**2 - 28*r - 26. List the prime factors of c(-17).
2, 3, 5
Let i(s) = s + 1. Let a be i(-3). What are the prime factors of (a/4*-46)/1?
23
Let i be (2 - (0 + 0)) + 33. List the prime factors of (357/i)/((-1)/(-5)).
3, 17
Let r(q) = -q**2 - 7*q - 2. Let o = -5 - 1. What are the prime factors of r(o)?
2
Let n be 147*2/((-6)/3). Let p be 4/10 + n/5. Let b = p - -40. What are the prime factors of b?
11
Suppose 2*p = -2*p + 8. Let i be 1 - 1 - (p - 14). Suppose 3*t + 5*u = -4 + i, t - 16 = u. What are the prime factors of t?
11
Let r = -51 - -74. Let g = r + -32. What are the prime factors of -2 + g/(-3) - -8?
3
Suppose -2*w + 0*w = 8. Let i = w - 2. List the prime factors of ((-6)/4)/(i/40).
2, 5
Let h(p) = p**2 - 4. Let m(t) = -t**3 + 6*t**2 + 1. Let x be m(6). Suppose -r = 4*d - 11, 4*d - 2*r = 5*d - x. What are the prime factors of h(d)?
5
Let g = -66 - -39. List the prime factors of 6/(3 + g/12).
2
Suppose c + 5*m = -10, -5*c + 5*m - 6 = 14. Let s = c - -2. List the prime factors of (1/s)/(3/(-63)).
7
Let b = 106 + -64. Suppose -3*f = 2*v + v - 57, 2*v + 4*f - b = 0. What are the prime factors of v?
17
Let z(j) = j**3 - 5*j**2 + 5*j + 2. Let n be z(4). Let r be (-8)/3 + 4/n. List the prime factors of r/(-2)*(0 - -3).
3
Suppose 2*w + 4 = -0*w - 4*x, 0 = 4*w + 3*x - 7. Suppose 16 = w*b - 0*b. Suppose -3*f = -2*g + 16, -5*g - 1 + 18 = b*f. List the prime factors of g.
5
Let j(q) = -q**3 - 6*q**2 - 6*q. Let d = 4 + -8. Let p be j(d). Let i(v) = v + 19. List the prime factors of i(p).
11
List the prime factors of (-290)/(-6) - (8/(-12) + 0).
7
Suppose -144 = 4*l + 4*o, 0*l - l - 39 = 4*o. Let h = 66 + l. What are the prime factors of h?
31
Suppose 10*n - 2108 + 158 = 0. List the prime factors of n.
3, 5, 13
What are the prime factors of 458*-4*2/(-16)?
229
Let y(p) = -p**2 + 5*p**2 - 5*p - p + p**3 + 3. What are the prime factors of y(-5)?
2
Let q be 1/(-4) + 9/4. Suppose -4*a + 16 = 0, q*a = y - 2*a + 11. Suppose 4*r = 35 + y. List the prime factors of r.
2, 5
Let x = -12 + 16. Suppose 0 = -x*p - p + 165. List the prime factors of p.
3, 11
Suppose -2*u + 12 = u. Suppose u*b = -4*w + 2 + 10, 5*w + 1 = -b. Suppose 2*x = b*r - x - 34, -5*r - 5*x + 25 = 0. List the prime factors of r.
7
Let w(q) = -5*q - 3. Suppose 0 = 3*r, -l + 2*r + 5 + 0 = 0. Suppose 0 = 5*m + l*g + 15, m = -0*m + 5*g + 3. List the prime factors of w(m).
7
Let h(u) = -6*u + 6*u + 4*u - u**2 - 3 + 7. Let b be h(4). List the prime factors of (-2 - -3)*b*2.
2
Suppose -2*k = 4*c - 18, 2*k + c - 27 = -3*k. Let t = k + -6. What are the prime factors of (-11)/t - (0 - -1)?
2, 5
Let h(w) = w**2 - 8*w + 4. Let j be h(8). Suppose 3*u - 66 = -j*t + 11, -79 = -5*t + 2*u. Let r = 24 - t. List the prime factors of r.
7
Suppose 99 = 4*v - 61. List the prime factors of v.
2, 5
Suppose 2*y - 20 = -4*c, -4*c = 2 - 6. Suppose -b - 2 = -y. List the prime factors of b.
2, 3
Let o(j) = -j**2 - 6*j - 2 + 6*j. Let v be o(-2). List the prime factors of v/(-27) - (-43)/9.
5
Suppose 3*m = 5*p - p - 275, -p = 4*m - 83. Let y = -41 + p. List the prime factors of y.
2, 3, 5
Suppose -3*j - 3*r + 174 = 0, 3*j - 177 = -3*r - r. Suppose 4*f - 2 = 4*x - 6, -4*f - 4 = 2*x. Suppose 2*y + 3*y - j = x. List the prime factors of y.
11
Let a be 1*(1 + -3) + 4. What are the prime factors of (a - 5)/(-1)*1?
3
List the prime factors of (-3 + 945/(-14))/((-6)/20).
5, 47
Suppose 0 = -5*a - 5 - 10. Let j = 46 + a. What are the prime factors of j?
43
Let r(a) = 12*a**2 - 3*a - 1. What are the prime factors of r(-3)?
2, 29
Let u be 1*8 + -1 + -2. Suppose u*i - 2 = 13. List the prime factors of (-7 + i)*(-10)/4.
2, 5
Let p = -48 - -51. List the prime factors of p.
3
Let j(v) be the first derivative of 1/3*v**3 - 1 - 3/2*v**2 + 2*v. List the prime factors of j(5).
2, 3
Suppose -289 = -r + 2*i, -3*i = -r - 4*i + 304. What are the prime factors of r?
13, 23
Suppose -6*b + 3*b = -24. Suppose 2*z + 3*z - 16 = -d,